{"id":1232,"date":"2017-07-01T11:20:51","date_gmt":"2017-07-01T10:20:51","guid":{"rendered":"http:\/\/www.saborbio.com\/?page_id=1232"},"modified":"2017-08-07T15:54:08","modified_gmt":"2017-08-07T14:54:08","slug":"assistentes-producao","status":"publish","type":"page","link":"https:\/\/www.saborbio.com\/pt\/oportunidades\/assistentes-producao\/","title":{"rendered":"assistente de produ\u00e7\u00e3o"},"content":{"rendered":"<h1><strong>Assistente de produ\u00e7\u00e3o<\/strong> | Caldas da Rainha<\/h1>\n<h3>Agosto 2017<\/h3>\n<div class=\"divider_padding\"><\/div>\n<div class=\"one_half\"><p style=\"text-align: justify\">Devido a crescimento nas vendas e a um ano de produ\u00e7\u00e3o de fruta que se augura excepcional, estamos a prever um acr\u00e9scimo substancial na quantidade de trabalho previsto. Como tal, a SABOR BIO encontra-se \u00e0 procura de pessoas para fazer face a esse acr\u00e9scimo.<\/p>\n<p style=\"text-align: justify\">Procuramos pessoas para trabalharem, como membros da equipa, em <strong>todas as fases de produ\u00e7\u00e3o dos nossos produtos<\/strong>.<\/p>\n<p style=\"text-align: justify\">Temos uma grande preocupa\u00e7\u00e3o com a qualidade dos nossos produtos, e a melhor maneira de fazer produtos de qualidade \u00e9 aproveitando a fruta quando est\u00e1 no seu melhor, ou seja utiliz\u00e1-la o mais rapidamente poss\u00edvel ap\u00f3s a sua colheita. Isso significa que o trabalho na SABOR BIO \u00e9 naturalmente sazonal, acompanhando a pr\u00f3pria sazonalidade da fruta.<\/p>\n<p style=\"text-align: justify\">A maior parte do trabalho na SABOR BIO tende a incidir nos \u00faltimos seis meses do ano &#8211; com particular destaque para Agosto, Setembro e Outubro &#8211; sendo os primeiros seis meses do ano mais relaxados. Procuramos por isso pessoas com uma certa flexibilidade na aloca\u00e7\u00e3o do seu tempo.<\/p>\n<p style=\"text-align: justify\">A SABOR BIO trabalha naturalmente recorrendo ao Banco de Horas, sendo as horas extra de trabalho realizadas durante o pico de trabalho compensadas normalmente nos primeiros seis meses do ano, de acordo com as prefer\u00eancias de cada pessoa.<\/p>\n<p style=\"text-align: justify\">O local de trabalho ser\u00e1 nas instala\u00e7\u00f5es da SABOR BIO, localizadas na Moita de Alvorninha (Caldas da Rainha). N\u00e3o existem transportes p\u00fablicos para as nossas instala\u00e7\u00f5es por isso ser\u00e1 necess\u00e1rio que disponha de meio de transporte pr\u00f3prio.<\/p>\n<div class=\"divider_padding\"><\/div>\n<h3>responsabilidades<\/h3>\n<div class=\"divider_padding\"><\/div>\n<ul class=\"list_arrow list_outside\">\n<li style=\"text-align: justify\"><strong>zelar pela qualidade dos produtos da SABOR BIO<\/strong> &#8211; para que a SABOR BIO possa disponibilizar aos seus clientes produtos de qualidade, \u00e9 necess\u00e1rio que todas as pessoas que trabalham na SABOR BIO tenham em mente esse objectivo sempre que encaram e desempenham as suas tarefas.<\/li>\n<li style=\"text-align: justify\"><strong>seguir boas pr\u00e1ticas de higiene e seguran\u00e7a no trabalho<\/strong> &#8211; trabalhamos com produtos alimentares o que nos d\u00e1 uma responsabilidade acrescida. M\u00e1s pr\u00e1ticas de higiene podem colocar em causa a seguran\u00e7a alimentar dos nossos produtos. Esperamos por isso que todas as pessoas que trabalham na SABOR BIO mantenham uma boa higiene pessoal e zelem pela higiene dos utens\u00edlios com que trabalham e dos espa\u00e7os onde trabalham.<\/li>\n<li style=\"text-align: justify\"><strong>cumprir com as tarefas a desempenhar com dilig\u00eancia e da melhor forma poss\u00edvel<\/strong> &#8211; cada pessoa \u00e9 \u00fanica e por isso respeitamos formas diferentes de desempenhar as tarefas. Como tal, desde que n\u00e3o interfira com o trabalho de equipa, ou com a qualidade do trabalho, damos total liberdade no modo de executar as tarefas. Caso a qualidade do trabalho n\u00e3o seja a melhor, iremos apontar correc\u00e7\u00f5es que dever\u00e3o ser tidas em aten\u00e7\u00e3o. Caso existam d\u00favidas sobre como desempenhar uma tarefa, estamos inteiramente dispon\u00edveis para dar toda a ajuda necess\u00e1ria. Esperamos no entanto que as tarefas sejam sempre desempenhadas com empenho e dedica\u00e7\u00e3o e com total aten\u00e7\u00e3o \u00e0 qualidade do trabalho final.<\/li>\n<li style=\"text-align: justify\"><strong>cooperar com o resto da equipa<\/strong> &#8211; procuramos criar um bom ambiente de trabalho mas isso depende de cada uma das pessoas que trabalham na SABOR BIO. \u00c9 necess\u00e1rio por isso que todos os membros da equipa tratem os outros membros da equipa da mesma forma que gostariam de ser tratados.<\/li>\n<li style=\"text-align: justify\"><strong>representar a SABOR BIO<\/strong> &#8211; consideramos que todas as pessoas que trabalham na SABOR BIO s\u00e3o embaixadores e embaixadoras da marca e da empresa, como tal esperamos que se comportem e ajam de modo condigno e adequado, dentro e fora do seu local de trabalho, tendo sempre em mente que o seu comportamento negativo poder\u00e1 afectar de forma tamb\u00e9m ela negativa a percep\u00e7\u00e3o que os nossos clientes, parceiros, e demais entidades tem da SABOR BIO.<\/li>\n<\/ul>\n<div class=\"divider_padding\"><\/div>\n<h3>candidatura<\/h3>\n<div class=\"divider_padding\"><\/div>\n<p style=\"text-align: justify\">Se tiver interesse em trabalhar connosco, e se rever neste perfil, preencha o nosso formul\u00e1rio de candidatura em baixo.<\/p><\/div>\n<div class=\"one_half last\"><h3>tarefas<\/h3>\n<div class=\"divider_padding\"><\/div>\n<ul class=\"list_arrow list_outside\">\n<li style=\"text-align: justify\">Colaborar no processo de <strong>apanhar fruta<\/strong> &#8211; n\u00e3o \u00e9 a nossa actividade principal mas ocasionalmente \u00e9 necess\u00e1rio ir apanhar p\u00earas, ma\u00e7\u00e3s, framboesas, amoras e piri-piris.<\/li>\n<li style=\"text-align: justify\">Colaborar no processo de <strong>escolher fruta<\/strong> &#8211; durante a apanha da fruta esta \u00e9 uma das nossas principais actividades. Toda a fruta recepcionada \u00e9 escolhida por n\u00f3s assim que d\u00e1 entrada no armaz\u00e9m. Durante este processo retiramos tamb\u00e9m toda a fruta que se encontra podre e\/ou com bolor.<\/li>\n<li style=\"text-align: justify\">Colaborar no processo de <strong>moagem, prensagem e secagem da fruta<\/strong> &#8211; a fruta que d\u00e1 entrada nas nossas instala\u00e7\u00f5es \u00e9 processada nos v\u00e1rios produtos por n\u00f3s produzidos.<\/li>\n<li style=\"text-align: justify\">Colaborar no processo de <strong>produ\u00e7\u00e3o dos nossos produtos<\/strong> &#8211; alguns dos nossos produtos precisam de processamento adicional. O sumo tem de ser pasteurizado, por exemplo.<\/li>\n<li style=\"text-align: justify\">Colaborar no processo de <strong>engarrafamento, embalamento e rotula\u00e7\u00e3o dos nossos produtos<\/strong> &#8211; no fim de estarem feitos, todos os nossos produtos precisam de ser embalados, engarrafados e rotulados de modo a serem disponibilizados aos nossos clientes.<\/li>\n<li style=\"text-align: justify\">Colaborar no processo de <strong>lavagem e limpeza das embalagens de acondicionamento dos nossos produtos<\/strong> &#8211; todas as nossas embalagens de vidro precisam de ser lavadas antes de serem utilizadas.<\/li>\n<li style=\"text-align: justify\">Colaborar no processo de <strong>prepara\u00e7\u00e3o de encomendas<\/strong> &#8211; este \u00e9 um trabalho n\u00e3o-sazonal que tem lugar durante todo o ano. Mesmo assim existem altos e baixos com semanas particularmente complicadas com muitas encomendas, e semanas mais relaxadas com poucas encomendas.<\/li>\n<li style=\"text-align: justify\">Colaborar no processo de <strong>limpeza dos utens\u00edlios e das instala\u00e7\u00f5es<\/strong> &#8211; trabalhamos com produtos alimentares e como tal temos de ter em aten\u00e7\u00e3o a higiene e a limpeza dos utens\u00edlios que utilizamos e dos locais onde trabalhamos. Este \u00e9 um trabalho essencial no nosso dia-a-dia.<\/li>\n<\/ul>\n<p style=\"text-align: justify\">Estas tarefas podem variar ligeiramente caso passem a existir produtos novos, ou caso o m\u00e9todo de produ\u00e7\u00e3o de determinados produtos seja alterado.<\/p>\n<p style=\"text-align: justify\">As tarefas a realizar podem ainda incluir outras, n\u00e3o especificadas nesta p\u00e1gina, dependendo das qualifica\u00e7\u00f5es e gosto de cada pessoa, na constru\u00e7\u00e3o conjunta do seu plano de carreira na SABOR BIO.<\/p>\n<div class=\"divider_padding\"><\/div>\n<h3>requisitos<\/h3>\n<div class=\"divider_padding\"><\/div>\n<ul class=\"list_arrow list_outside\">\n<li>escolaridade obrigat\u00f3ria<\/li>\n<li>capacidade de utilizar aplica\u00e7\u00f5es para <em>smartphones<\/em> e <em>tablets<\/em><\/li>\n<li>postura flex\u00edvel, din\u00e2mica, trabalhadora e proactiva<\/li>\n<li>abertura a novas maneiras de trabalhar e empenho em ir sempre aprendendo coisas novas ao longo da vida<\/li>\n<li>capacidade de trabalho em equipa<\/li>\n<\/ul>\n<div class=\"divider_padding\"><\/div>\n<h3>o que temos para oferecer<\/h3>\n<div class=\"divider_padding\"><\/div>\n<p style=\"text-align: justify\">A Agricultura Biol\u00f3gica \u00e9 uma \u00e1rea em franco crescimento em todo o mundo, s\u00f3 na Europa a Agricultura Biol\u00f3gica viu o seu valor de mercado duplicar de 2005 a 2014, e mesmo assim n\u00e3o conseguiu acompanhar o crescimento na procura. No mesmo per\u00edodo de tempo o consumo de produtos biol\u00f3gicos a n\u00edvel europeu cresceu 110%.<\/p>\n<p style=\"text-align: justify\">Com um crescimento de cerca de 7% ao ano a n\u00edvel Europeu, 11% a 14% s\u00f3 em Portugal, \u00e9 unanime que a Agricultura Biol\u00f3gica \u00e9 um nicho com claro potencial.<\/p>\n<p style=\"text-align: justify\">A SABOR BIO tem sabido ir de encontro ao crescimento da procura por produtos biol\u00f3gicos. S\u00f3 no \u00faltimo ano tivemos um crescimento <strong>superior a 30%<\/strong>.<\/p>\n<p style=\"text-align: justify\">Queremos que a equipa respons\u00e1vel pelo sucesso da SABOR BIO partilhe desse sucesso, por isso trabalhamos com um sistema de remunera\u00e7\u00f5es vari\u00e1veis.<\/p>\n<p style=\"text-align: justify\">O sistema de remunera\u00e7\u00e3o vari\u00e1vel da SABOR BIO consiste num sal\u00e1rio base &#8211; sal\u00e1rio m\u00ednimo caso n\u00e3o seja aplic\u00e1vel nenhum CCT, ou o sal\u00e1rio previsto no CCT caso exista um CCT aplic\u00e1vel &#8211; subsidio de alimenta\u00e7\u00e3o e ainda b\u00f3nus trimestrais.<\/p>\n<p style=\"text-align: justify\">O valor do b\u00f3nus a atribuir \u00e9 definido com base no desempenho da empresa, e da pessoa, nos 3 meses anteriores. Caso n\u00e3o exista nenhum CCT aplic\u00e1vel o b\u00f3nus ter\u00e1 ainda em conta o n\u00edvel de responsabilidade da pessoa.<\/p><\/div><div class=\"clearboth\"><\/div>\n<div class=\"divider_padding\"><\/div>\n<div class=\"divider_padding\"><\/div>\n[fc id=&#8217;28&#8217; align=&#8217;center&#8217;][\/fc]","protected":false},"excerpt":{"rendered":"<p>Assistente de produ\u00e7\u00e3o | Caldas da Rainha Agosto 2017 [fc id=&#8217;28&#8217; align=&#8217;center&#8217;][\/fc]<\/p>\n","protected":false},"author":1,"featured_media":0,"parent":1210,"menu_order":0,"comment_status":"closed","ping_status":"closed","template":"template_fullwidth.php","meta":{"footnotes":""},"_links":{"self":[{"href":"https:\/\/www.saborbio.com\/pt\/wp-json\/wp\/v2\/pages\/1232"}],"collection":[{"href":"https:\/\/www.saborbio.com\/pt\/wp-json\/wp\/v2\/pages"}],"about":[{"href":"https:\/\/www.saborbio.com\/pt\/wp-json\/wp\/v2\/types\/page"}],"author":[{"embeddable":true,"href":"https:\/\/www.saborbio.com\/pt\/wp-json\/wp\/v2\/users\/1"}],"replies":[{"embeddable":true,"href":"https:\/\/www.saborbio.com\/pt\/wp-json\/wp\/v2\/comments?post=1232"}],"version-history":[{"count":16,"href":"https:\/\/www.saborbio.com\/pt\/wp-json\/wp\/v2\/pages\/1232\/revisions"}],"predecessor-version":[{"id":1267,"href":"https:\/\/www.saborbio.com\/pt\/wp-json\/wp\/v2\/pages\/1232\/revisions\/1267"}],"up":[{"embeddable":true,"href":"https:\/\/www.saborbio.com\/pt\/wp-json\/wp\/v2\/pages\/1210"}],"wp:attachment":[{"href":"https:\/\/www.saborbio.com\/pt\/wp-json\/wp\/v2\/media?parent=1232"}],"curies":[{"name":"wp","href":"https:\/\/api.w.org\/{rel}","templated":true}]}}

assistente de produção

<h1><strong>Assistente de produção</strong> | Caldas da Rainha</h1>
<h3>Agosto 2017</h3>
<div class="divider_padding"></div>
<div class="one_half"><p style="text-align: justify">Devido a crescimento nas vendas e a um ano de produção de fruta que se augura excepcional, estamos a prever um acréscimo substancial na quantidade de trabalho previsto. Como tal, a SABOR BIO encontra-se à procura de pessoas para fazer face a esse acréscimo.</p>
<p style="text-align: justify">Procuramos pessoas para trabalharem, como membros da equipa, em <strong>todas as fases de produção dos nossos produtos</strong>.</p>
<p style="text-align: justify">Temos uma grande preocupação com a qualidade dos nossos produtos, e a melhor maneira de fazer produtos de qualidade é aproveitando a fruta quando está no seu melhor, ou seja utilizá-la o mais rapidamente possível após a sua colheita. Isso significa que o trabalho na SABOR BIO é naturalmente sazonal, acompanhando a própria sazonalidade da fruta.</p>
<p style="text-align: justify">A maior parte do trabalho na SABOR BIO tende a incidir nos últimos seis meses do ano &#8211; com particular destaque para Agosto, Setembro e Outubro &#8211; sendo os primeiros seis meses do ano mais relaxados. Procuramos por isso pessoas com uma certa flexibilidade na alocação do seu tempo.</p>
<p style="text-align: justify">A SABOR BIO trabalha naturalmente recorrendo ao Banco de Horas, sendo as horas extra de trabalho realizadas durante o pico de trabalho compensadas normalmente nos primeiros seis meses do ano, de acordo com as preferências de cada pessoa.</p>
<p style="text-align: justify">O local de trabalho será nas instalações da SABOR BIO, localizadas na Moita de Alvorninha (Caldas da Rainha). Não existem transportes públicos para as nossas instalações por isso será necessário que disponha de meio de transporte próprio.</p>
<div class="divider_padding"></div>
<h3>responsabilidades</h3>
<div class="divider_padding"></div>
<ul class="list_arrow list_outside">
<li style="text-align: justify"><strong>zelar pela qualidade dos produtos da SABOR BIO</strong> &#8211; para que a SABOR BIO possa disponibilizar aos seus clientes produtos de qualidade, é necessário que todas as pessoas que trabalham na SABOR BIO tenham em mente esse objectivo sempre que encaram e desempenham as suas tarefas.</li>
<li style="text-align: justify"><strong>seguir boas práticas de higiene e segurança no trabalho</strong> &#8211; trabalhamos com produtos alimentares o que nos dá uma responsabilidade acrescida. Más práticas de higiene podem colocar em causa a segurança alimentar dos nossos produtos. Esperamos por isso que todas as pessoas que trabalham na SABOR BIO mantenham uma boa higiene pessoal e zelem pela higiene dos utensílios com que trabalham e dos espaços onde trabalham.</li>
<li style="text-align: justify"><strong>cumprir com as tarefas a desempenhar com diligência e da melhor forma possível</strong> &#8211; cada pessoa é única e por isso respeitamos formas diferentes de desempenhar as tarefas. Como tal, desde que não interfira com o trabalho de equipa, ou com a qualidade do trabalho, damos total liberdade no modo de executar as tarefas. Caso a qualidade do trabalho não seja a melhor, iremos apontar correcções que deverão ser tidas em atenção. Caso existam dúvidas sobre como desempenhar uma tarefa, estamos inteiramente disponíveis para dar toda a ajuda necessária. Esperamos no entanto que as tarefas sejam sempre desempenhadas com empenho e dedicação e com total atenção à qualidade do trabalho final.</li>
<li style="text-align: justify"><strong>cooperar com o resto da equipa</strong> &#8211; procuramos criar um bom ambiente de trabalho mas isso depende de cada uma das pessoas que trabalham na SABOR BIO. É necessário por isso que todos os membros da equipa tratem os outros membros da equipa da mesma forma que gostariam de ser tratados.</li>
<li style="text-align: justify"><strong>representar a SABOR BIO</strong> &#8211; consideramos que todas as pessoas que trabalham na SABOR BIO são embaixadores e embaixadoras da marca e da empresa, como tal esperamos que se comportem e ajam de modo condigno e adequado, dentro e fora do seu local de trabalho, tendo sempre em mente que o seu comportamento negativo poderá afectar de forma também ela negativa a percepção que os nossos clientes, parceiros, e demais entidades tem da SABOR BIO.</li>
</ul>
<div class="divider_padding"></div>
<h3>candidatura</h3>
<div class="divider_padding"></div>
<p style="text-align: justify">Se tiver interesse em trabalhar connosco, e se rever neste perfil, preencha o nosso formulário de candidatura em baixo.</p></div>
<div class="one_half last"><h3>tarefas</h3>
<div class="divider_padding"></div>
<ul class="list_arrow list_outside">
<li style="text-align: justify">Colaborar no processo de <strong>apanhar fruta</strong> &#8211; não é a nossa actividade principal mas ocasionalmente é necessário ir apanhar pêras, maçãs, framboesas, amoras e piri-piris.</li>
<li style="text-align: justify">Colaborar no processo de <strong>escolher fruta</strong> &#8211; durante a apanha da fruta esta é uma das nossas principais actividades. Toda a fruta recepcionada é escolhida por nós assim que dá entrada no armazém. Durante este processo retiramos também toda a fruta que se encontra podre e/ou com bolor.</li>
<li style="text-align: justify">Colaborar no processo de <strong>moagem, prensagem e secagem da fruta</strong> &#8211; a fruta que dá entrada nas nossas instalações é processada nos vários produtos por nós produzidos.</li>
<li style="text-align: justify">Colaborar no processo de <strong>produção dos nossos produtos</strong> &#8211; alguns dos nossos produtos precisam de processamento adicional. O sumo tem de ser pasteurizado, por exemplo.</li>
<li style="text-align: justify">Colaborar no processo de <strong>engarrafamento, embalamento e rotulação dos nossos produtos</strong> &#8211; no fim de estarem feitos, todos os nossos produtos precisam de ser embalados, engarrafados e rotulados de modo a serem disponibilizados aos nossos clientes.</li>
<li style="text-align: justify">Colaborar no processo de <strong>lavagem e limpeza das embalagens de acondicionamento dos nossos produtos</strong> &#8211; todas as nossas embalagens de vidro precisam de ser lavadas antes de serem utilizadas.</li>
<li style="text-align: justify">Colaborar no processo de <strong>preparação de encomendas</strong> &#8211; este é um trabalho não-sazonal que tem lugar durante todo o ano. Mesmo assim existem altos e baixos com semanas particularmente complicadas com muitas encomendas, e semanas mais relaxadas com poucas encomendas.</li>
<li style="text-align: justify">Colaborar no processo de <strong>limpeza dos utensílios e das instalações</strong> &#8211; trabalhamos com produtos alimentares e como tal temos de ter em atenção a higiene e a limpeza dos utensílios que utilizamos e dos locais onde trabalhamos. Este é um trabalho essencial no nosso dia-a-dia.</li>
</ul>
<p style="text-align: justify">Estas tarefas podem variar ligeiramente caso passem a existir produtos novos, ou caso o método de produção de determinados produtos seja alterado.</p>
<p style="text-align: justify">As tarefas a realizar podem ainda incluir outras, não especificadas nesta página, dependendo das qualificações e gosto de cada pessoa, na construção conjunta do seu plano de carreira na SABOR BIO.</p>
<div class="divider_padding"></div>
<h3>requisitos</h3>
<div class="divider_padding"></div>
<ul class="list_arrow list_outside">
<li>escolaridade obrigatória</li>
<li>capacidade de utilizar aplicações para <em>smartphones</em> e <em>tablets</em></li>
<li>postura flexível, dinâmica, trabalhadora e proactiva</li>
<li>abertura a novas maneiras de trabalhar e empenho em ir sempre aprendendo coisas novas ao longo da vida</li>
<li>capacidade de trabalho em equipa</li>
</ul>
<div class="divider_padding"></div>
<h3>o que temos para oferecer</h3>
<div class="divider_padding"></div>
<p style="text-align: justify">A Agricultura Biológica é uma área em franco crescimento em todo o mundo, só na Europa a Agricultura Biológica viu o seu valor de mercado duplicar de 2005 a 2014, e mesmo assim não conseguiu acompanhar o crescimento na procura. No mesmo período de tempo o consumo de produtos biológicos a nível europeu cresceu 110%.</p>
<p style="text-align: justify">Com um crescimento de cerca de 7% ao ano a nível Europeu, 11% a 14% só em Portugal, é unanime que a Agricultura Biológica é um nicho com claro potencial.</p>
<p style="text-align: justify">A SABOR BIO tem sabido ir de encontro ao crescimento da procura por produtos biológicos. Só no último ano tivemos um crescimento <strong>superior a 30%</strong>.</p>
<p style="text-align: justify">Queremos que a equipa responsável pelo sucesso da SABOR BIO partilhe desse sucesso, por isso trabalhamos com um sistema de remunerações variáveis.</p>
<p style="text-align: justify">O sistema de remuneração variável da SABOR BIO consiste num salário base &#8211; salário mínimo caso não seja aplicável nenhum CCT, ou o salário previsto no CCT caso exista um CCT aplicável &#8211; subsidio de alimentação e ainda bónus trimestrais.</p>
<p style="text-align: justify">O valor do bónus a atribuir é definido com base no desempenho da empresa, e da pessoa, nos 3 meses anteriores. Caso não exista nenhum CCT aplicável o bónus terá ainda em conta o nível de responsabilidade da pessoa.</p></div><div class="clearboth"></div>
<div class="divider_padding"></div>
<div class="divider_padding"></div>
[fc id=&#8217;28&#8217; align=&#8217;center&#8217;][/fc]

<p>Assistente de produção | Caldas da Rainha Agosto 2017 [fc id=&#8217;28&#8217; align=&#8217;center&#8217;][/fc]</p>
